678 and 1955594.
1942
What is the highest common divisor of 1713780 and 107325?
45
What is the highest common factor of 10207936 and 6?
2
Calculate the greatest common factor of 67795 and 767.
13
What is the greatest common divisor of 161228 and 67320?
68
What is the highest common divisor of 5421 and 101673?
39
What is the greatest common divisor of 1764 and 2428874?
14
What is the greatest common factor of 2576030 and 1845?
205
What is the greatest common divisor of 1624 and 20987358?
406
What is the highest common factor of 275568 and 1248?
48
What is the greatest common divisor of 67747155 and 735?
735
Calculate the greatest common divisor of 1434440 and 6976.
872
Calculate the highest common divisor of 24800 and 84382.
62
What is the greatest common factor of 108416 and 263242?
14
Calculate the greatest common divisor of 6313959 and 4473.
639
What is the greatest common factor of 622531710 and 1622?
1622
What is the greatest common factor of 471 and 37803?
3
Calculate the greatest common factor of 26095 and 69955.
85
What is the highest common factor of 217634464 and 460?
92
Calculate the greatest common factor of 741 and 1438240245.
741
What is the highest common factor of 230388746 and 644?
322
What is the highest common divisor of 4552 and 42030892?
2276
Calculate the greatest common divisor of 190 and 16613980.
190
Calculate the highest common factor of 15921321 and 2325.
93
Calculate the greatest common divisor of 47 and 10796417.
47
What is the highest common factor of 224 and 77052934?
14
What is the highest common divisor of 22344 and 1620136?
392
What is the highest common divisor of 36875 and 80771?
59
What is the greatest common factor of 90599948 and 80266?
1198
Calculate the highest common divisor of 3155059 and 3548.
887
Calculate the greatest common divisor of 1002 and 2721114366.
1002
Calculate the greatest common factor of 5896935 and 2508.
627
What is the greatest common divisor of 10956 and 29804?
4
Calculate the greatest common divisor of 457720 and 810.
10
Calculate the greatest common divisor of 34648 and 2798252.
284
Calculate the greatest common divisor of 6618852 and 23373.
477
Calculate the highest common divisor of 6664 and 335850606.
1666
What is the greatest common factor of 48401331 and 66?
33
What is the greatest common factor of 417817 and 453?
151
What is the highest common divisor of 2885830322 and 431?
431
What is the highest common divisor of 40116418 and 62?
62
Calculate the greatest common divisor of 7385672 and 288.
8
Calculate the greatest common divisor of 11253 and 15389.
11
What is the greatest common factor of 47796 and 673204?
28
Calculate the highest common divisor of 43340 and 111364.
44
Calculate the highest common factor of 26272276 and 11026.
298
What is the highest common factor of 749 and 52948950?
107
What is the greatest common factor of 1338104 and 2720?
136
Calculate the highest common divisor of 1785 and 2502045.
105
What is the highest common divisor of 60912 and 1762218?
846
Calculate the greatest common divisor of 44 and 23496066.
22
What is the highest common divisor of 10716220 and 12?
4
What is the greatest common factor of 27 and 3021687?
9
What is the greatest common factor of 241133 and 118?
59
What is the greatest common divisor of 9578826 and 3031?
433
Calculate the highest common divisor of 7061 and 1953459.
23
Calculate the greatest common divisor of 6395 and 71654696.
1279
What is the highest common factor of 940 and 219?
1
Calculate the highest common factor of 7786940 and 1380.
20
Calculate the greatest common factor of 183 and 682467.
3
What is the greatest common factor of 592188610 and 530?
530
What is the highest common divisor of 16576146 and 4692?
138
What is the greatest common factor of 3298 and 8830395?
1649
Calculate the greatest common factor of 18733 and 263978.
143
What is the greatest common divisor of 6710 and 377219120?
610
What is the highest common factor of 1395485600 and 1600?
800
What is the highest common divisor of 111 and 309297?
3
What is the greatest common divisor of 25782284 and 2838?
946
What is the highest common factor of 152 and 644822?
38
What is the greatest common factor of 193545612 and 31824?
7956
Calculate the highest common divisor of 24964 and 1839436.
316
Calculate the greatest common factor of 2015 and 138997924.
403
What is the greatest common divisor of 1050 and 4017450?
150
Calculate the greatest common divisor of 984 and 5707528.
328
What is the greatest common factor of 12119909 and 166?
83
Calculate the greatest common divisor of 34742040 and 4005.
1335
What is the greatest common factor of 49995359 and 41?
41
What is the greatest common divisor of 498651 and 25928?
463
What is the highest common factor of 50 and 57095175?
25
Calculate the highest common divisor of 926780 and 21605.
745
Calculate the highest common factor of 4284 and 4227972.
84
Calculate the greatest common factor of 265967002 and 49.
49
Calculate the greatest common divisor of 208 and 1124474.
26
Calculate the highest common divisor of 61 and 33703781.
61
Calculate the highest common divisor of 1282 and 982438906.
1282
What is the greatest common divisor of 24854 and 630598?
578
What is the greatest common divisor of 800 and 1990150?
50
Calculate the highest common factor of 6 and 120325386.
6
Calculate the greatest common divisor of 15004 and 178161247.
3751
What is the greatest common factor of 86250 and 2829?
69
Calculate the highest common factor of 63425 and 405271.
59
What is the highest common factor of 50327479 and 6187?
269
Calculate the greatest common factor of 612 and 19646934.
102
What is the highest common divisor of 67524 and 1037?
17
Calculate the greatest common divisor of 62 and 96676786.
62
Calculate the highest common factor of 7072 and 990496.
416
Calculate the highest common divisor of 195324 and 1355358.
2382
What is the highest common divisor of 15167616 and 2688?
384
Calculate the highest common factor of 112860761 and 6305.
1261
What is the greatest common divisor of 5259629 and 230957?
2381
Calculate the greatest common factor of 90744 and 584478.
114
Calculate the highest common factor of 16632 and 2443364.
308
What is the highest common divisor of 148 and 125630836?
148
What is the greatest common divisor of 5822 and 5973017?
71
Calculate the highest common factor of 15638 and 1331834.
14
What is the greatest common divisor of 24 and 62847948?
12
Calculate the greatest common divisor of 1641354 and 2211.
33
What is the highest common divisor of 28 and 245840?
28
Calculate the highest common divisor of 1487416 and 312.
8
Calculate the greatest common divisor of 1254 and 9741336.
66
Calculate the highest common divisor of 407933 and 34204.
503
What is the highest common factor of 1512039 and 506601?
1941
What is the highest common factor of 28 and 11259647?
7
What is the greatest common factor of 1347846 and 12006?
138
What is the highest common factor of 706532 and 262268?
692
What is the highest common divisor of 1539 and 1251270099?
1539
Calculate the greatest common divisor of 4347 and 785589.
21
Calculate the greatest common factor of 5035145 and 68.
17
What is the greatest common factor of 6245295 and 888125?
7105
Calculate the highest common factor of 11453 and 174161.
13
What is the highest common divisor of 26080 and 202240?
160
What is the highest common factor of 109204 and 21275788?
4748
What is the highest common divisor of 103516337 and 5045?
1009
Calculate the greatest common factor of 13 and 134471.
1
Calculate the greatest common factor of 230 and 1540701.
23
Calculate the greatest common factor of 1256 and 8929218.
314
What is the greatest common divisor of 732 and 32928654?
366
Calculate the greatest common factor of 6827336 and 4624.
2312
What is the greatest common divisor of 211015 and 745?
5
What is the highest common divisor of 56 and 1260733390?
14
What is the highest common factor of 185628531 and 264?
33
Calculate the highest common factor of 563520 and 48480.
480
Calculate the greatest common divisor of 1740 and 776010.
30
What is the highest common factor of 5549405 and 405?
5
Calculate the greatest common factor of 8208 and 836304.
912
Calculate the greatest common factor of 72332 and 2132.